hat is 134143 + -13400?
120243
In base 9, what is -4 - -15415?
15411
In base 3, what is 10 + 120212102?
120212112
In base 11, what is 7 + -402?
-3a6
In base 12, what is -3 + -3a30?
-3a33
In base 5, what is -324 + 23110?
22231
In base 3, what is 120002010 - -11021?
120020101
In base 5, what is -1 + -2042431?
-2042432
In base 11, what is -7 - 5788?
-5794
In base 12, what is b49 - 8?
b41
In base 3, what is 212 + 11120121?
11121110
In base 5, what is 114 + 34?
203
In base 15, what is 4 + -16012?
-1600d
In base 6, what is 214353 + 14?
214411
In base 11, what is 10a7 - -a77?
2073
In base 13, what is -25bbc + 5?
-25bb7
In base 7, what is 126652 - -14?
126666
In base 14, what is 338c + -4?
3388
In base 15, what is 3c630 + -13?
3c61c
In base 3, what is 1100101011 - 1?
1100101010
In base 5, what is 2332333 + 0?
2332333
In base 16, what is -1b - -2816?
27fb
In base 11, what is 2a450 + 3?
2a453
In base 15, what is -76 + -254?
-2ca
In base 16, what is 607b - -b?
6086
In base 8, what is 5 - 101215?
-101210
In base 8, what is -3 - 6317263?
-6317266
In base 4, what is -101 - 311311?
-312012
In base 5, what is 24 - 1332013?
-1331434
In base 6, what is -1200 - 120?
-1320
In base 4, what is 0 - 1130210?
-1130210
In base 2, what is 100101100100000 - -1000?
100101100101000
In base 2, what is 1011000 - 1001010110?
-111111110
In base 13, what is -45848 + 5?
-45843
In base 15, what is -1 - -a304?
a303
In base 4, what is 12322113 - -23?
12322202
In base 14, what is -3 + -331c?
-3321
In base 3, what is 221001000 - 1?
221000222
In base 14, what is 91 + -d2?
-41
In base 10, what is 172897 - 1?
172896
In base 13, what is -41 - 4128?
-4169
In base 10, what is -9494 + 184?
-9310
In base 11, what is 151 - -291?
432
In base 8, what is -52071 - 3?
-52074
In base 12, what is -3b1b3 + 6?
-3b1a9
In base 9, what is -27734 - -2?
-27732
In base 7, what is 554306 - -2?
554311
In base 4, what is 103 - 1132233?
-1132130
In base 9, what is 432 - -188?
631
In base 9, what is -30723 - -10?
-30713
In base 14, what is 95d3a2 + -1?
95d3a1
In base 7, what is -22302 - 245?
-22550
In base 3, what is 1012 - -101222010?
102000022
In base 13, what is -227 + 108?
-11c
In base 7, what is -3043 + 61?
-2652
In base 14, what is 5 + -52927?
-52922
In base 13, what is 5 - 47ab?
-47a6
In base 16, what is -4 + 77eb?
77e7
In base 9, what is 1 + -756801?
-756800
In base 6, what is -2554 + 1514?
-1040
In base 4, what is -123112 + -210?
-123322
In base 8, what is -1404240 - -2?
-1404236
In base 16, what is 4 + 1eb6?
1eba
In base 14, what is -b + -2ccb?
-2cd8
In base 10, what is 4 - -599071?
599075
In base 2, what is -110 + -10100111110101?
-10100111111011
In base 8, what is -256 + -203?
-461
In base 4, what is -3 - 20123112?
-20123121
In base 2, what is 10 + -10110110100110000?
-10110110100101110
In base 16, what is 4 - -6f8e3?
6f8e7
In base 6, what is -103205 - -4?
-103201
In base 9, what is -1056 - -106?
-850
In base 5, what is -4 - -40044312?
40044303
In base 6, what is 45 - -214313?
214402
In base 13, what is -5 + c48?
c43
In base 2, what is 10110010010 + 11110?
10110110000
In base 6, what is 4 - 101503?
-101455
In base 15, what is -2 + -d6cca?
-d6ccc
In base 16, what is 2b - -36a6?
36d1
In base 13, what is 1 - 31b?
-31a
In base 6, what is -10120 + 0?
-10120
In base 6, what is 55030 + 51?
55121
In base 5, what is -4 + -21142323?
-21142332
In base 13, what is -7ab0 + 12?
-7a9b
In base 7, what is -2246502 - -1?
-2246501
In base 15, what is -3278 + 3?
-3275
In base 3, what is 11 - -2021020021?
2021020102
In base 8, what is -10 + 15231?
15221
In base 6, what is -14 - -3210?
3152
In base 6, what is 30540531 - 4?
30540523
In base 10, what is 20334 + 14?
20348
In base 16, what is 3 + 140d3?
140d6
In base 13, what is -4 + 41bca?
41bc6
In base 7, what is 12160 + -11?
12146
In base 13, what is 455 + 11?
466
In base 13, what is -7a7 + -44?
-81b
In base 11, what is 3 + 168472?
168475
In base 16, what is 0 - -1ce7?
1ce7
In base 7, what is -4 - 12656321?
-12656325
In base 8, what is -43 + -3?
-46
In base 4, what is 310230 + -1310?
302320
In base 7, what is 5551 + 136?
6020
In base 11, what is -a + 1a212?
1a203
In base 10, what is 46 - -227?
273
In base 10, what is -2 - 315377?
-315379
In base 11, what is 23213 - a?
23204
In base 9, what is 2218817 - -5?
2218823
In base 7, what is -150 + 1461?
1311
In base 15, what is 1 - -8bed?
8bee
In base 14, what is 857 - 337?
520
In base 9, what is 78023 - 14?
78008
In base 3, what is 110210100 - -202?
110211002
In base 14, what is 0 - -4754b?
4754b
In base 10, what is -1384 - 24?
-1408
In base 14, what is 10a6 + 8?
10b0
In base 8, what is -101035 + -2?
-101037
In base 10, what is -7928 - -429?
-7499
In base 16, what is -27 - -3a5?
37e
In base 5, what is -4200 + -12?
-4212
In base 6, what is 5 - 2031253?
-2031244
In base 16, what is -1 - -6cfe?
6cfd
In base 13, what is -144 + 42?
-102
In base 4, what is -2 - -10100201?
10100133
In base 14, what is -3aa6 - d?
-3ab5
In base 5, what is 2 + 11022430?
11022432
In base 14, what is -7d92 - 2?
-7d94
In base 7, what is 165 + 250?
445
In base 14, what is -5b504 + 3?
-5b501
In base 6, what is 1 - -205212?
205213
In base 14, what is 14420 - -10?
14430
In base 4, what is -1210313103 + -2?
-1210313111
In base 15, what is 18458 - -3?
1845b
In base 9, what is -226 + 16?
-210
In base 3, what is -10 - 20120210011?
-20120210021
In base 14, what is -c996 + 2c?
-c968
In base 14, what is -5 + -122c?
-1233
In base 8, what is 5173744 - 6?
5173736
In base 10, what is 926196 - -5?
926201
In base 4, what is 122330303 + 301?
122331210
In base 12, what is -5ba8 + -4?
-5bb0
In base 4, what is 113133 - 2?
113131
In base 9, what is 7 + -28337?
-28330
In base 9, what is 323241 - -1?
323242
In base 14, what is -2d8 - 91?
-389
In base 9, what is -141857 - -3?
-141854
In base 7, what is 2 + 31001?
31003
In base 3, what is -20022210 + 221?
-20021212
In base 15, what is -c + -4b41?
-4b4d
In base 8, what is 4 - -22246?
22252
In base 11, what is -1833 - -14?
-181a
In base 9, what is 55148 + -21?
55127
In base 15, what is -d4a - -194?
-ba6
In base 14, what is 4 - c8bd?
-c8b9
In base 16, what is -799b52 + 2?
-799b50
In base 7, what is -4 + -1353146?
-1353153
In base 16, what is 25ae + -e?
25a0
In base 15, what is -588 - 12d?
-6b6
In base 8, what is -11511 - 136?
-11647
In base 16, what is -1 - a5?
-a6
In base 3, what is -1220001100 - -111?
-1220000212
In base 5, what is 1410302032 + 2?
1410302034
In base 10, what is 39 - -11608?
11647
In base 14, what is -56 + -858a?
-8602
In base 16, what is -3 - 9430b?
-9430e
In base 11, what is -35 - 6990?
-6a15
In base 15, what is 1a3c + -82?
19aa
In base 10, what is -182 - -552?
370
In base 5, what is -1112223 + 114?
-1112104
In base 3, what is -1202 - 212010210?
-212012112
In base 3, what is 12210002111 + -12?
12210002022
In base 10, what is -2 + 136286?
136284
In base 2, what is 11100110 - 1010010?
10010100
In base 9, what is 0 - 227643?
-227643
In base 9, what is 20482 - -111?
20603
In base 7, what is 3 - -105511?
105514
In base 8, what is -17 + 110075?
110056
In base 14, what is 4148 + -bd?
4069
In base 10, what is -23566 - -5?
-23561
In base 10, what is -4 + 50499?
50495
In base 5, what is -4121 + 12?
-4104
In base 12, what is -1490 + 9?
-1483
In base 5, what is 0 + -14044432?
-14044432
In base 13, what is -5 + a849b?
a8496
In base 7, what is -3 + -11101633?
-11101636
In base 16, what is df4 - -85?
e79
In base 3, what is 121200 - -1211010?
2102210
In base 5, what is -23023431 + 3?
-23023423
In base 14, what is -141 - -26a?
129
In base 10, what is 38 + -918?
-880
In base 4, what is 20 + -130120?
-130100
In base 5, what is 1 - 1132103?
-1132102
In base 9, what is -2 - 24844?
-24846
In base 12, what is -5 - 322b5?
-322ba
In base 9, what is 131558 - 2?
131556
In base 5, what is -14243 + 20?
-14223
In base 11, what is -835 + -5?
-83a
In base 15, what is 8 + -112c7?
-112be
In base 8, what is -5441 - 6?
-5447
In base 8, what is 16551 + -1?
16550
In base 13, what is -215a5c + -5?
-215a64
In base 13, what is 9 - 2b481?
-2b475
In base 3, what is 10102 + 2102?
12211
In base 8, what is 15 - 27016?
-27001
In base 16, what is -70909 + -4?
-7090d
In base 9, what is 1412 + -166?
1235
In base 9, what is 2 - 4208?
-4206
In base 10, what is -27